
34
Let s(j) = -40462*j + 40567. What is s(1)?
105
Let f(z) = 2*z**3 + 283*z**2 - 1738*z + 27524. What is f(-148)?
-4
Let b(s) = -18*s**2 - 774*s - 58. What is b(-43)?
-58
Let y(t) = t**3 - 448*t**2 - 358*t - 40842. Determine y(449).
17
Let t(m) = 19*m - 1463. Determine t(87).
190
Let o(k) = k**3 + 25*k**2 - 275*k - 206. Give o(-33).
157
Let f(r) = 2*r**3 + 35*r**2 + 151*r + 2209. Determine f(-16).
561
Let n(x) = x**3 + 51*x**2 - 1399*x + 1663. Calculate n(-71).
172
Let t(d) = d**3 + 5*d**2 - 328*d - 3328. Determine t(-12).
-400
Let z(m) = 3977*m + 151132. Calculate z(-38).
6
Let p(r) = -511362*r + 27102192. Calculate p(53).
6
Let p(o) = 2935*o - 1880. Calculate p(1).
1055
Let h(s) = 55*s**3 + 434*s**2 - 42*s - 3. Determine h(-8).
-51
Let h(r) = 411*r - 19561. Give h(48).
167
Let p(j) = -255155*j + 1275768. Calculate p(5).
-7
Let h(b) = 1630*b + 1148. Calculate h(-2).
-2112
Let v(b) = 128883*b + 3350961. Determine v(-26).
3
Let s(j) = 3376*j - 57452. Determine s(17).
-60
Let q(c) = 3*c**3 - 75*c**2 + 503*c + 138. Give q(11).
589
Let q(b) = 71*b**2 - 2153*b + 12928. Determine q(6).
2566
Let b(q) = q**3 + 4*q**2 - 86*q + 6. Determine b(-13).
-397
Let b(d) = -41*d**2 + 3044*d - 127. Determine b(74).
613
Let l(m) = 10*m**2 - 389*m - 324. Give l(40).
116
Let f(i) = 2*i**3 + 424*i**2 - 3040*i - 178. What is f(7)?
4
Let o(f) = 18*f**3 + 87*f**2 + 32*f + 216. Calculate o(-5).
-19
Let a(o) = -1479*o - 25313. What is a(-17)?
-170
Let r(k) = -18769*k + 14283217. Determine r(761).
8
Let g(j) = -6040*j + 35346. Calculate g(6).
-894
Let w(u) = 115263*u - 2420530. Calculate w(21).
-7
Let i(v) = -3939*v + 2753362. What is i(699)?
1
Let y(a) = -a**3 + 12*a**2 + 297*a - 360. Give y(-13).
4
Let t(p) = -11*p**2 - 1145*p + 25591. Give t(-123).
7
Let o(h) = -5*h**3 + 212*h**2 - 85*h + 8. What is o(42)?
-34
Let j(z) = -3*z**2 - 1709*z + 85623. What is j(-616)?
-1
Let o(d) = 16*d**2 - 5162*d - 15640. Calculate o(-3).
-10
Let x(f) = -225*f - 35979. What is x(-156)?
-879
Let p(m) = m**3 - 24*m**2 + 91*m + 99. Give p(20).
319
Let x(z) = -153*z**2 + 220*z - 8. Calculate x(1).
59
Let f(n) = -35*n + 4037. Give f(110).
187
Let n(y) = -116*y + 11394. Calculate n(101).
-322
Let j(o) = -993*o**2 - 10913*o + 15. Determine j(-11).
-95
Let s(v) = 1536*v - 49272. Calculate s(32).
-120
Let k(w) = w**2 + 120*w + 1648. Determine k(-22).
-508
Let s(f) = -f**3 - 47*f**2 - 495*f - 4. Calculate s(-11).
1085
Let g(q) = -115*q - 2403. Give g(-18).
-333
Let b(v) = -28*v**2 - 1128*v - 10886. Give b(-16).
-6
Let k(p) = 2*p**3 + 20*p**2 + 109*p - 27. Give k(-8).
-643
Let k(h) = 3*h**2 + 225*h + 4307. Calculate k(-43).
179
Let n(p) = p**2 + 2691*p + 1646757. What is n(-941)?
7
Let v(z) = -30*z**2 + 708*z + 1053. Give v(25).
3
Let i(x) = 955*x**3 + 2*x**2 + 2589*x + 2588. Determine i(-1).
-954
Let t(y) = -3*y**3 + 29*y**2 - 969*y + 6401. What is t(7)?
10
Let w(l) = -655*l**2 - 24230*l + 216. Determine w(-37).
31
Let n(b) = 49*b**2 + 1187*b + 7005. Determine n(-14).
-9
Let g(r) = -r**2 + 9403*r + 624960. What is g(-66)?
6
Let v(w) = 44328*w - 4033886. Determine v(91).
-38
Let y(b) = -14276*b - 3597547. Give y(-252).
5
Let p(c) = -8*c**3 - 221*c**2 - 117*c + 65. Calculate p(-27).
-421
Let m(d) = d**3 + 120*d**2 - 689*d - 68730. Calculate m(-121).
-2
Let n(a) = 3*a**3 - 203*a**2 - 75*a - 378. Determine n(68).
-854
Let v(b) = -2*b**3 + 31*b**2 + 207*b - 3268. Calculate v(16).
-212
Let h(v) = -7066*v + 92556. Give h(13).
698
Let h(v) = -5*v**3 - 17*v**2 - 143*v - 506. Give h(-4).
114
Let l(d) = 19227*d - 7479305. Calculate l(389).
-2
Let a(u) = 19502*u - 136519. What is a(7)?
-5
Let q(r) = -r**3 - 43*r**2 - 439*r - 14644. Calculate q(-41).
-7
Let d(h) = 1481*h - 10902. Give d(7).
-535
Let o(s) = 16*s**2 - 2041*s + 1344. Give o(127).
201
Let k(h) = h**3 + 43*h**2 + 166*h + 1877. Give k(-40).
37
Let v(g) = 14*g**2 - 78*g - 880. Calculate v(-6).
92
Let q(r) = r**3 - 78*r**2 + 1880*r + 8835. Calculate q(-4).
3
Let d(j) = 125*j**3 + 1621*j**2 - 111*j - 785. Give d(-13).
-18
Let u(r) = 2*r**2 + 195*r + 9336. Give u(-47).
4589
Let z(b) = -b**3 + 68*b**2 - 285*b - 5359. Calculate z(62).
35
Let q(f) = -3*f**2 - 7244*f + 160814. Calculate q(22).
-6
Let h(x) = -6*x**2 + 1002*x - 14503. Calculate h(151).
-7
Let l(c) = 43445*c - 10600579. Calculate l(244).
1
Let g(h) = -2*h**3 - 67*h**2 + 308*h + 11108. Determine g(-33).
-145
Let q(p) = 2*p**3 + 74*p**2 - 647*p - 1398. Calculate q(-44).
-34
Let f(r) = -2*r**3 - 96*r**2 + 527*r - 107. Calculate f(-53).
52
Let h(n) = n**3 + 34*n**2 + 131*n - 459. Determine h(-29).
-53
Let n(y) = -185*y**2 - 35*y - 63. Determine n(0).
-63
Let w(r) = 4*r**2 - 533*r - 1487. Calculate w(137).
568
Let z(r) = 3*r**3 - 242*r**2 - 70*r - 766. Give z(81).
125
Let k(t) = 3*t**2 - 135*t + 1611. Give k(28).
183
Let n(u) = -u**3 + 251*u**2 + 1021*u - 219. What is n(255)?
36
Let g(p) = p**3 - 716*p**2 - 13803*p - 119075. Calculate g(735).
-5
Let y(u) = u**3 + 218*u**2 + 6556*u + 811. Determine y(-182).
83
Let h(k) = -2*k**2 - 1884*k - 443279. Give h(-485).
11
Let v(a) = -a**3 - 24*a**2 - 135*a - 249. Determine v(-17).
23
Let y(v) = 9895*v - 178029. What is y(18)?
81
Let j(o) = 957*o - 28755. Give j(30).
-45
Let h(w) = -82*w**2 - 478*w + 677. What is h(-7)?
5
Let q(c) = 2*c**3 + 606*c**2 - 595*c - 864. What is q(-304)?
-4816
Let v(m) = m**3 - 81*m**2 + 769*m - 90. Calculate v(9).
999
Let w(d) = d**3 - 38*d**2 - 349*d + 24. What is w(-6)?
534
Let q(v) = v**2 + 1534*v + 7664. Give q(-5).
19
Let x(m) = 65*m - 11044. Give x(162).
-514
Let n(t) = -54500*t + 381147. Determine n(7).
-353
Let o(s) = -s**3 + 112*s**2 - 80*s - 3831. What is o(111)?
-390
Let y(g) = -11*g**3 + 337*g**2 + 2047*g - 20. What is y(-6)?
2206
Let f(j) = 8790107*j + 17580220. Calculate f(-2).
6
Let v(t) = 10597*t - 402680. Give v(38).
6
Let r(j) = -1555935*j + 9335604. Determine r(6).
-6
Let a(o) = -16*o**3 + 8680*o**2 + 101936*o + 4. What is a(554)?
4
Let b(q) = -q**3 - 30*q**2 - 80*q + 326. Give b(-27).
299
Let o(s) = -15*s**2 - 136*s + 163. Calculate o(-10).
23
Let t(k) = 1893*k**2 - 53026*k + 619. Calculate t(28).
3
Let c(k) = 19*k**3 + 44*k**2 + 93*k + 3. Determine c(-4).
-881
Let n(k) = -90724*k - 6532206. What is n(-72)?
-78
Let b(h) = h**3 - 229*h**2 - 193*h - 7422. Calculate b(230).
1088
Let w(f) = 4*f**2 + 690*f - 205000. What is w(156)?
-16
Let u(k) = -207*k + 1695. Give u(8).
39
Let u(c) = -16*c**2 - 522*c - 6324. Determine u(-12).
-2364
Let u(a) = 2*a**2 + 116*a + 1499. Determine u(-37).
-55
Let g(v) = v**3 + 74*v**2 - 743*v + 167. Give g(9).
203
Let f(z) = 41362*z + 8479222. Give f(-205).
12
Let m(a) = 317244*a + 951832. What is m(-3)?
100
Let c(w) = 89*w**3 - 19493*w**2 + 782*w - 75325. What is c(219)?
11
Let m(j) = -j**3 + 86*j**2 - 1378*j + 792. Determine m(65).
-53
Let v(p) = 97*p + 1214. What is v(-50)?
-3636
Let f(g) = -g**3 - 17*g**2 + 805*g - 10293. Determine f(-42).
-3
Let o(c) = 3*c**2 - 2557*c + 22766. Calculate o(9).
-4
Let h(q) = -2*q**3 + 58*q**2 - 318*q + 194. Calculate h(22).
-26
Let p(n) = -n**3 - 15*n**2 + 7610*n + 106703. Give p(-14).
-33
Let q(a) = 2*a**3 - 626*a**2 + 1861*a - 381. Calculate q(310).
-71
Let l(k) = -18*k**2 + 939*k + 8440. What is l(60)?
-20
Let p(z) = z**2 - 1227*z + 19349. What is p(16)?
-27
Let y(h) = -147*h + 7529. Give y(48).
473
Let n(y) = y**3 + 2*y**2 + 446*y - 448. Give n(1).
1
Let g(t) = -258898*t + 1812414. Give g(7).
128
Let x(l) = 16*l**3 + 515*l**2 + 47*l + 28. Calculate x(-32).
1596
Let p(a) = -a**2 + 19389*a - 155020. Calculate p(8).
28
Let z(a) = -3*a**3 - 807*a**2 - 832*a - 7511. Calculate z(-268).
-7
Let x(q) = 221365*q + 4870029. Calculate x(-22).
-1
Let n(m) = m**3 - 3*m**2 - 76*m - 198. Give n(-3).
-24
Let a(w) = -w**2 - 13146*w + 659802. Calculate a(50).
2
Let g(t) = -29*t**2 + 3711*t + 191. Give g(128).
63
Let o(t) = -t**3 + 41*t**2 - 221*t + 4060. What is o(38)?
-6
Let h(z) = -15*z**2 + 75*z + 17. Give h(6).
-73
Let o(w) = 81742*w - 1062617. Calculate o(13).
29
Let k(r) = -476524*r - 19060963. Determine k(-40).
-3
Let t(p) = -3742*p + 1391954. Determine t(372).
-70
Let r(t) = t**3 - 61*t**2 + 674*t + 746. Calculate r(46).
10
Let s(r) = 12640*r + 63204. Determine s(-5).
4
Let q(o) = -213*o**3 - 6*o**2 - 201*o - 379. Give q(-2).
1703
Let i(q) = 2471*q - 6